{"id":460,"date":"2025-08-25T12:51:34","date_gmt":"2025-08-25T12:51:34","guid":{"rendered":"https:\/\/grannero.com.br\/?page_id=460"},"modified":"2025-08-25T12:58:59","modified_gmt":"2025-08-25T12:58:59","slug":"processos","status":"publish","type":"page","link":"https:\/\/grannero.com.br\/?page_id=460","title":{"rendered":"Processos"},"content":{"rendered":"\t\t<div data-elementor-type=\"wp-page\" data-elementor-id=\"460\" class=\"elementor elementor-460\" data-elementor-post-type=\"page\">\n\t\t\t\t\t\t<section class=\"elementor-section elementor-top-section elementor-element elementor-element-5630dcf1 elementor-section-height-min-height elementor-section-content-middle ct-section-stretched elementor-section-boxed elementor-section-height-default elementor-section-items-middle\" data-id=\"5630dcf1\" data-element_type=\"section\" data-e-type=\"section\" data-settings=\"{&quot;background_background&quot;:&quot;classic&quot;}\">\n\t\t\t\t\t\t\t<div class=\"elementor-background-overlay\"><\/div>\n\t\t\t\t\t\t\t<div class=\"elementor-container elementor-column-gap-default\">\n\t\t\t\t\t<div class=\"elementor-column elementor-col-100 elementor-top-column elementor-element elementor-element-61d95693\" data-id=\"61d95693\" data-element_type=\"column\" data-e-type=\"column\">\n\t\t\t<div class=\"elementor-widget-wrap elementor-element-populated\">\n\t\t\t\t\t\t<div class=\"elementor-element elementor-element-5daf28d3 elementor-widget elementor-widget-heading\" data-id=\"5daf28d3\" data-element_type=\"widget\" data-e-type=\"widget\" data-widget_type=\"heading.default\">\n\t\t\t\t\t<h2 class=\"elementor-heading-title elementor-size-default\">Nossos Processos<\/h2>\t\t\t\t<\/div>\n\t\t\t\t<div class=\"elementor-element elementor-element-4880a7c3 elementor-widget elementor-widget-text-editor\" data-id=\"4880a7c3\" data-element_type=\"widget\" data-e-type=\"widget\" data-widget_type=\"text-editor.default\">\n\t\t\t\t\t\t\t\t\t<p>&#8220;&#8230;essas condi\u00e7\u00f5es \u00fanicas de solo e clima criaram um produto 100% brasileiro e extremamente raro. Mas, acima de tudo, isso nunca foi o foco principal. E permanece da mesma forma. Porque n\u00e3o se trata apenas de produzir um item t\u00edpico brasileiro; trata-se de criar o produto<strong> 100% brasileiro da Gran Nero.&#8221;<\/strong><\/p>\t\t\t\t\t\t\t\t<\/div>\n\t\t\t\t\t<\/div>\n\t\t<\/div>\n\t\t\t\t\t<\/div>\n\t\t<\/section>\n\t\t\t\t<section class=\"elementor-section elementor-top-section elementor-element elementor-element-6667ee5a elementor-reverse-mobile ct-section-stretched elementor-section-boxed elementor-section-height-default elementor-section-height-default\" data-id=\"6667ee5a\" data-element_type=\"section\" data-e-type=\"section\">\n\t\t\t\t\t\t<div class=\"elementor-container elementor-column-gap-default\">\n\t\t\t\t\t<div class=\"elementor-column elementor-col-50 elementor-top-column elementor-element elementor-element-1f92b9f\" data-id=\"1f92b9f\" data-element_type=\"column\" data-e-type=\"column\">\n\t\t\t<div class=\"elementor-widget-wrap elementor-element-populated\">\n\t\t\t\t\t\t<div class=\"elementor-element elementor-element-3339451d elementor-widget elementor-widget-heading\" data-id=\"3339451d\" data-element_type=\"widget\" data-e-type=\"widget\" data-widget_type=\"heading.default\">\n\t\t\t\t\t<h2 class=\"elementor-heading-title elementor-size-default\">Os su\u00ednos\n<\/h2>\t\t\t\t<\/div>\n\t\t\t\t<div class=\"elementor-element elementor-element-414d78ba elementor-widget-divider--view-line elementor-widget elementor-widget-divider\" data-id=\"414d78ba\" data-element_type=\"widget\" data-e-type=\"widget\" data-widget_type=\"divider.default\">\n\t\t\t\t\t\t\t<div class=\"elementor-divider\">\n\t\t\t<span class=\"elementor-divider-separator\">\n\t\t\t\t\t\t<\/span>\n\t\t<\/div>\n\t\t\t\t\t\t<\/div>\n\t\t\t\t<div class=\"elementor-element elementor-element-3159a085 elementor-widget elementor-widget-text-editor\" data-id=\"3159a085\" data-element_type=\"widget\" data-e-type=\"widget\" data-widget_type=\"text-editor.default\">\n\t\t\t\t\t\t\t\t\t<p>O presunto cru Gran Nero \u00e9 produzido a partir do cruzamento de ra\u00e7as su\u00ednas que possibilitam, ao mesmo tempo, um pernil com maior gordura externa e gordura entremeada, chamada de marmoreio. Uma das ra\u00e7as que faz parte desse cruzamento \u00e9 a do porco preto chamado Moura, ra\u00e7a nobre que serviu de inspira\u00e7\u00e3o para o desenvolvimento da marca. Outra particularidade do Gran Nero \u00e9 a utiliza\u00e7\u00e3o exclusiva de pernis traseiros das f\u00eameas su\u00ednas. Com sabor mais delicado em compara\u00e7\u00e3o ao pernil dos machos, a carne das f\u00eameas \u00e9 fundamental para garantir a suavidade caracter\u00edstica do presunto Gran Nero.<\/p>\t\t\t\t\t\t\t\t<\/div>\n\t\t\t\t\t<\/div>\n\t\t<\/div>\n\t\t\t\t<div class=\"elementor-column elementor-col-50 elementor-top-column elementor-element elementor-element-6538332\" data-id=\"6538332\" data-element_type=\"column\" data-e-type=\"column\">\n\t\t\t<div class=\"elementor-widget-wrap elementor-element-populated\">\n\t\t\t\t\t\t<div class=\"elementor-element elementor-element-74bf4af8 elementor-widget elementor-widget-image\" data-id=\"74bf4af8\" data-element_type=\"widget\" data-e-type=\"widget\" data-widget_type=\"image.default\">\n\t\t\t\t\t\t\t\t\t\t\t\t\t\t\t<img fetchpriority=\"high\" decoding=\"async\" width=\"800\" height=\"600\" src=\"https:\/\/grannero.com.br\/wp-content\/uploads\/2025\/08\/PORCOS.png\" class=\"attachment-large size-large wp-image-453\" alt=\"\" srcset=\"https:\/\/grannero.com.br\/wp-content\/uploads\/2025\/08\/PORCOS.png 800w, https:\/\/grannero.com.br\/wp-content\/uploads\/2025\/08\/PORCOS-300x225.png 300w, https:\/\/grannero.com.br\/wp-content\/uploads\/2025\/08\/PORCOS-768x576.png 768w\" sizes=\"(max-width: 800px) 100vw, 800px\" \/>\t\t\t\t\t\t\t\t\t\t\t\t\t\t\t<\/div>\n\t\t\t\t\t<\/div>\n\t\t<\/div>\n\t\t\t\t\t<\/div>\n\t\t<\/section>\n\t\t\t\t<section class=\"elementor-section elementor-top-section elementor-element elementor-element-48bfb050 elementor-section-boxed elementor-section-height-default elementor-section-height-default\" data-id=\"48bfb050\" data-element_type=\"section\" data-e-type=\"section\" data-settings=\"{&quot;background_background&quot;:&quot;classic&quot;}\">\n\t\t\t\t\t\t\t<div class=\"elementor-background-overlay\"><\/div>\n\t\t\t\t\t\t\t<div class=\"elementor-container elementor-column-gap-no\">\n\t\t\t\t\t<div class=\"elementor-column elementor-col-100 elementor-top-column elementor-element elementor-element-4b6b009a\" data-id=\"4b6b009a\" data-element_type=\"column\" data-e-type=\"column\">\n\t\t\t<div class=\"elementor-widget-wrap elementor-element-populated\">\n\t\t\t\t\t\t<section class=\"elementor-section elementor-inner-section elementor-element elementor-element-3fa8e4f1 elementor-section-boxed elementor-section-height-default elementor-section-height-default\" data-id=\"3fa8e4f1\" data-element_type=\"section\" data-e-type=\"section\">\n\t\t\t\t\t\t<div class=\"elementor-container elementor-column-gap-default\">\n\t\t\t\t\t<div class=\"elementor-column elementor-col-33 elementor-inner-column elementor-element elementor-element-55af5b94\" data-id=\"55af5b94\" data-element_type=\"column\" data-e-type=\"column\">\n\t\t\t<div class=\"elementor-widget-wrap elementor-element-populated\">\n\t\t\t\t\t\t<div class=\"elementor-element elementor-element-343f448d elementor-widget elementor-widget-image\" data-id=\"343f448d\" data-element_type=\"widget\" data-e-type=\"widget\" data-widget_type=\"image.default\">\n\t\t\t\t\t\t\t\t\t\t\t\t\t\t\t<img decoding=\"async\" src=\"https:\/\/grannero.com.br\/wp-content\/uploads\/elementor\/thumbs\/Gran_nero_23-ras18o92wqbtgvrqcr933pe41y5l2i5rvkiab6iw5c.jpg\" title=\"Gran_nero_23.jpg\" alt=\"Gran_nero_23.jpg\" loading=\"lazy\" \/>\t\t\t\t\t\t\t\t\t\t\t\t\t\t\t<\/div>\n\t\t\t\t\t<\/div>\n\t\t<\/div>\n\t\t\t\t<div class=\"elementor-column elementor-col-33 elementor-inner-column elementor-element elementor-element-a79dbff\" data-id=\"a79dbff\" data-element_type=\"column\" data-e-type=\"column\">\n\t\t\t<div class=\"elementor-widget-wrap elementor-element-populated\">\n\t\t\t\t\t\t<div class=\"elementor-element elementor-element-681ce26 elementor-widget elementor-widget-image\" data-id=\"681ce26\" data-element_type=\"widget\" data-e-type=\"widget\" data-widget_type=\"image.default\">\n\t\t\t\t\t\t\t\t\t\t\t\t\t\t\t<img decoding=\"async\" src=\"https:\/\/grannero.com.br\/wp-content\/uploads\/elementor\/thumbs\/Gran_nero_231-1-ras1ef1koa6wf3fct8n0c97iqpuc3wyq0013w20a4g.jpg\" title=\"Gran_nero_231\" alt=\"Gran_nero_231\" loading=\"lazy\" \/>\t\t\t\t\t\t\t\t\t\t\t\t\t\t\t<\/div>\n\t\t\t\t\t<\/div>\n\t\t<\/div>\n\t\t\t\t<div class=\"elementor-column elementor-col-33 elementor-inner-column elementor-element elementor-element-703dc160\" data-id=\"703dc160\" data-element_type=\"column\" data-e-type=\"column\">\n\t\t\t<div class=\"elementor-widget-wrap elementor-element-populated\">\n\t\t\t\t\t\t<div class=\"elementor-element elementor-element-55c0d6c9 elementor-widget elementor-widget-heading\" data-id=\"55c0d6c9\" data-element_type=\"widget\" data-e-type=\"widget\" data-widget_type=\"heading.default\">\n\t\t\t\t\t<h2 class=\"elementor-heading-title elementor-size-default\">A alimenta\u00e7\u00e3o\n<\/h2>\t\t\t\t<\/div>\n\t\t\t\t<div class=\"elementor-element elementor-element-61104d9e elementor-widget elementor-widget-text-editor\" data-id=\"61104d9e\" data-element_type=\"widget\" data-e-type=\"widget\" data-widget_type=\"text-editor.default\">\n\t\t\t\t\t\t\t\t\t<div class=\"row mb-5 justify-content-center aos-init aos-animate\" data-aos=\"fade-up\" data-aos-delay=\"150\"><div class=\"col-lg-6 col-md-12\"><div class=\"row mb-5 justify-content-center aos-init aos-animate\" data-aos=\"fade-up\" data-aos-delay=\"150\"><div class=\"col-lg-6 col-md-12\"><p>Outro fator decisivo para a qualidade do produto final \u00e9 a dieta dos su\u00ednos, resultado de anos de pesquisa para que se chegasse \u00e0 combina\u00e7\u00e3o perfeita. Um parceiro da Gran Nero, que realiza o cruzamento, a cria\u00e7\u00e3o e o abate dos animais, tamb\u00e9m \u00e9 o respons\u00e1vel por cumprir rigorosamente os crit\u00e9rios de alimenta\u00e7\u00e3o. Os su\u00ednos s\u00e3o alimentados com cereais ricos em gordura saud\u00e1vel, como sementes de girassol, linha\u00e7a, granola e gergelim. A dieta ajuda a desenvolver a gordura externa e o marmoreio do pernil, regulando a quantidade de sal e tornando o presunto cru Gran Nero, ao final de todo o processo, mais equilibrado e adocicado do que outros produtos similares.<\/p><\/div><\/div><div class=\"row mb-5 justify-content-center aos-init aos-animate\" data-aos=\"fade-up\" data-aos-delay=\"150\">\u00a0<\/div><\/div><\/div>\t\t\t\t\t\t\t\t<\/div>\n\t\t\t\t\t<\/div>\n\t\t<\/div>\n\t\t\t\t\t<\/div>\n\t\t<\/section>\n\t\t\t\t<section class=\"elementor-section elementor-inner-section elementor-element elementor-element-546974f1 elementor-section-boxed elementor-section-height-default elementor-section-height-default\" data-id=\"546974f1\" data-element_type=\"section\" data-e-type=\"section\">\n\t\t\t\t\t\t<div class=\"elementor-container elementor-column-gap-default\">\n\t\t\t\t\t<div class=\"elementor-column elementor-col-100 elementor-inner-column elementor-element elementor-element-667c6cc5\" data-id=\"667c6cc5\" data-element_type=\"column\" data-e-type=\"column\">\n\t\t\t<div class=\"elementor-widget-wrap elementor-element-populated\">\n\t\t\t\t\t\t<div class=\"elementor-element elementor-element-417ed0fe elementor-widget-divider--view-line elementor-widget elementor-widget-divider\" data-id=\"417ed0fe\" data-element_type=\"widget\" data-e-type=\"widget\" data-widget_type=\"divider.default\">\n\t\t\t\t\t\t\t<div class=\"elementor-divider\">\n\t\t\t<span class=\"elementor-divider-separator\">\n\t\t\t\t\t\t<\/span>\n\t\t<\/div>\n\t\t\t\t\t\t<\/div>\n\t\t\t\t\t<\/div>\n\t\t<\/div>\n\t\t\t\t\t<\/div>\n\t\t<\/section>\n\t\t\t\t<section class=\"elementor-section elementor-inner-section elementor-element elementor-element-3a92918b elementor-reverse-tablet elementor-reverse-mobile elementor-section-boxed elementor-section-height-default elementor-section-height-default\" data-id=\"3a92918b\" data-element_type=\"section\" data-e-type=\"section\">\n\t\t\t\t\t\t<div class=\"elementor-container elementor-column-gap-default\">\n\t\t\t\t\t<div class=\"elementor-column elementor-col-33 elementor-inner-column elementor-element elementor-element-48c424d2\" data-id=\"48c424d2\" data-element_type=\"column\" data-e-type=\"column\">\n\t\t\t<div class=\"elementor-widget-wrap elementor-element-populated\">\n\t\t\t\t\t\t<div class=\"elementor-element elementor-element-29cd4837 elementor-widget elementor-widget-heading\" data-id=\"29cd4837\" data-element_type=\"widget\" data-e-type=\"widget\" data-widget_type=\"heading.default\">\n\t\t\t\t\t<h2 class=\"elementor-heading-title elementor-size-default\">A matura\u00e7\u00e3o\n<\/h2>\t\t\t\t<\/div>\n\t\t\t\t<div class=\"elementor-element elementor-element-2069ff46 elementor-widget elementor-widget-text-editor\" data-id=\"2069ff46\" data-element_type=\"widget\" data-e-type=\"widget\" data-widget_type=\"text-editor.default\">\n\t\t\t\t\t\t\t\t\t<div class=\"row mb-5 justify-content-center aos-init aos-animate\" data-aos=\"fade-up\" data-aos-delay=\"150\"><div class=\"col-lg-6 col-md-12\"><div class=\"row mb-5 justify-content-center aos-init aos-animate\" data-aos=\"fade-up\" data-aos-delay=\"150\"><div class=\"col-lg-6 col-md-12\"><section class=\"section about-section position-relative\"><div class=\"container\"><div class=\"row mb-5 justify-content-center aos-init aos-animate\" data-aos=\"fade-up\" data-aos-delay=\"150\"><div class=\"col-lg-6 col-md-12\"><p>Os pernis j\u00e1 chegam selecionados \u00e0 empresa, s\u00e3o classificados e encaminhados para as c\u00e2meras de refrigera\u00e7\u00e3o e de cura. Baseado no m\u00e9todo espanhol, o presunto passa por um lento processo de matura\u00e7\u00e3o m\u00ednima de 12 meses. O pernil \u00e9 salgado e, gradativamente, vai perdendo umidade e elevando a sua temperatura, enquanto o sal grosso penetra na carne. Ap\u00f3s um ano nesse r\u00edgido controle, o presunto baixa de uma umidade inicial de 95% para 60%, enquanto a temperatura salta de 0\u00baC para 20\u00baC. Nesse ponto, o presunto cru Gran Nero est\u00e1 finalmente pronto para ser comercializado, com a qualidade garantida por uma t\u00e9cnica milenar de matura\u00e7\u00e3o.<\/p><\/div><\/div><\/div><\/section><section class=\"section cta text-sm-center text-lg-left\"><\/section><\/div><\/div><\/div><\/div>\t\t\t\t\t\t\t\t<\/div>\n\t\t\t\t\t<\/div>\n\t\t<\/div>\n\t\t\t\t<div class=\"elementor-column elementor-col-33 elementor-inner-column elementor-element elementor-element-76d1c72c\" data-id=\"76d1c72c\" data-element_type=\"column\" data-e-type=\"column\">\n\t\t\t<div class=\"elementor-widget-wrap elementor-element-populated\">\n\t\t\t\t\t\t<div class=\"elementor-element elementor-element-41c54db5 elementor-widget elementor-widget-image\" data-id=\"41c54db5\" data-element_type=\"widget\" data-e-type=\"widget\" data-widget_type=\"image.default\">\n\t\t\t\t\t\t\t\t\t\t\t\t\t\t\t<img decoding=\"async\" src=\"https:\/\/grannero.com.br\/wp-content\/uploads\/elementor\/thumbs\/Gran_nero_60-ranm7g49lixbkpzanhvlfy27vz2cb8erqbymctdh6o.jpg\" title=\"Gran_nero_60.jpg\" alt=\"Gran_nero_60.jpg\" loading=\"lazy\" \/>\t\t\t\t\t\t\t\t\t\t\t\t\t\t\t<\/div>\n\t\t\t\t\t<\/div>\n\t\t<\/div>\n\t\t\t\t<div class=\"elementor-column elementor-col-33 elementor-inner-column elementor-element elementor-element-74a22698\" data-id=\"74a22698\" data-element_type=\"column\" data-e-type=\"column\">\n\t\t\t<div class=\"elementor-widget-wrap elementor-element-populated\">\n\t\t\t\t\t\t<div class=\"elementor-element elementor-element-8bedae4 elementor-widget elementor-widget-image\" data-id=\"8bedae4\" data-element_type=\"widget\" data-e-type=\"widget\" data-widget_type=\"image.default\">\n\t\t\t\t\t\t\t\t\t\t\t\t\t\t\t<img decoding=\"async\" src=\"https:\/\/grannero.com.br\/wp-content\/uploads\/elementor\/thumbs\/11-ras1ftsuxc4du1dmkukv2weetiw5nkk86z9bszx0sg.png\" title=\"11\" alt=\"11\" loading=\"lazy\" \/>\t\t\t\t\t\t\t\t\t\t\t\t\t\t\t<\/div>\n\t\t\t\t\t<\/div>\n\t\t<\/div>\n\t\t\t\t\t<\/div>\n\t\t<\/section>\n\t\t\t\t\t<\/div>\n\t\t<\/div>\n\t\t\t\t\t<\/div>\n\t\t<\/section>\n\t\t\t\t<section class=\"elementor-section elementor-top-section elementor-element elementor-element-3d1de578 ct-section-stretched elementor-section-boxed elementor-section-height-default elementor-section-height-default\" data-id=\"3d1de578\" data-element_type=\"section\" data-e-type=\"section\" data-settings=\"{&quot;background_background&quot;:&quot;classic&quot;}\">\n\t\t\t\t\t\t\t<div class=\"elementor-background-overlay\"><\/div>\n\t\t\t\t\t\t\t<div class=\"elementor-container elementor-column-gap-no\">\n\t\t\t\t\t<div class=\"elementor-column elementor-col-50 elementor-top-column elementor-element elementor-element-7a832a2d\" data-id=\"7a832a2d\" data-element_type=\"column\" data-e-type=\"column\" data-settings=\"{&quot;background_background&quot;:&quot;classic&quot;}\">\n\t\t\t<div class=\"elementor-widget-wrap elementor-element-populated\">\n\t\t\t\t\t<div class=\"elementor-background-overlay\"><\/div>\n\t\t\t\t\t\t<div class=\"elementor-element elementor-element-58b4de32 elementor-widget elementor-widget-heading\" data-id=\"58b4de32\" data-element_type=\"widget\" data-e-type=\"widget\" data-widget_type=\"heading.default\">\n\t\t\t\t\t<h5 class=\"elementor-heading-title elementor-size-default\">FA\u00c7A UMA VISITA<\/h5>\t\t\t\t<\/div>\n\t\t\t\t<div class=\"elementor-element elementor-element-770bb1be elementor-widget elementor-widget-heading\" data-id=\"770bb1be\" data-element_type=\"widget\" data-e-type=\"widget\" data-widget_type=\"heading.default\">\n\t\t\t\t\t<h2 class=\"elementor-heading-title elementor-size-default\">AGENDE SUA EXPERI\u00caNCIA<\/h2>\t\t\t\t<\/div>\n\t\t\t\t<div class=\"elementor-element elementor-element-245eb104 elementor-widget elementor-widget-image\" data-id=\"245eb104\" data-element_type=\"widget\" data-e-type=\"widget\" data-widget_type=\"image.default\">\n\t\t\t\t\t\t\t\t\t\t\t\t\t\t\t<img decoding=\"async\" width=\"212\" height=\"24\" src=\"https:\/\/grannero.com.br\/wp-content\/uploads\/2025\/08\/resta-img20.png\" class=\"attachment-medium size-medium wp-image-291\" alt=\"\" \/>\t\t\t\t\t\t\t\t\t\t\t\t\t\t\t<\/div>\n\t\t\t\t<div class=\"elementor-element elementor-element-7fb3652b elementor-button-align-stretch elementor-widget elementor-widget-form\" data-id=\"7fb3652b\" data-element_type=\"widget\" data-e-type=\"widget\" data-settings=\"{&quot;step_next_label&quot;:&quot;Next&quot;,&quot;step_previous_label&quot;:&quot;Previous&quot;,&quot;button_width&quot;:&quot;100&quot;,&quot;step_type&quot;:&quot;number_text&quot;,&quot;step_icon_shape&quot;:&quot;circle&quot;}\" data-widget_type=\"form.default\">\n\t\t\t\t\t\t\t<form class=\"elementor-form\" method=\"post\" id=\"form_agenda_exp\" name=\"form-experiencia\" aria-label=\"form-experiencia\">\n\t\t\t<input type=\"hidden\" name=\"post_id\" value=\"460\"\/>\n\t\t\t<input type=\"hidden\" name=\"form_id\" value=\"7fb3652b\"\/>\n\t\t\t<input type=\"hidden\" name=\"referer_title\" value=\"Processos\" \/>\n\n\t\t\t\t\t\t\t<input type=\"hidden\" name=\"queried_id\" value=\"460\"\/>\n\t\t\t\n\t\t\t<div class=\"elementor-form-fields-wrapper elementor-labels-\">\n\t\t\t\t\t\t\t\t<div class=\"elementor-field-type-text elementor-field-group elementor-column elementor-field-group-nome elementor-col-100 elementor-field-required\">\n\t\t\t\t\t\t\t\t\t\t\t\t<label for=\"form-field-nome\" class=\"elementor-field-label elementor-screen-only\">\n\t\t\t\t\t\t\t\tNome\t\t\t\t\t\t\t<\/label>\n\t\t\t\t\t\t\t\t\t\t\t\t\t\t<input size=\"1\" type=\"text\" name=\"form_fields[nome]\" id=\"form-field-nome\" class=\"elementor-field elementor-size-sm  elementor-field-textual\" placeholder=\"Nome\" required=\"required\">\n\t\t\t\t\t\t\t\t\t\t\t<\/div>\n\t\t\t\t\t\t\t\t<div class=\"elementor-field-type-email elementor-field-group elementor-column elementor-field-group-email elementor-col-100\">\n\t\t\t\t\t\t\t\t\t\t\t\t<label for=\"form-field-email\" class=\"elementor-field-label elementor-screen-only\">\n\t\t\t\t\t\t\t\tE-mail\t\t\t\t\t\t\t<\/label>\n\t\t\t\t\t\t\t\t\t\t\t\t\t\t<input size=\"1\" type=\"email\" name=\"form_fields[email]\" id=\"form-field-email\" class=\"elementor-field elementor-size-sm  elementor-field-textual\" placeholder=\"E-mail\">\n\t\t\t\t\t\t\t\t\t\t\t<\/div>\n\t\t\t\t\t\t\t\t<div class=\"elementor-field-type-tel elementor-field-group elementor-column elementor-field-group-telefone elementor-col-50 elementor-field-required\">\n\t\t\t\t\t\t\t\t\t\t\t\t<label for=\"form-field-telefone\" class=\"elementor-field-label elementor-screen-only\">\n\t\t\t\t\t\t\t\tTelefone\t\t\t\t\t\t\t<\/label>\n\t\t\t\t\t\t\t\t<input size=\"1\" type=\"tel\" name=\"form_fields[telefone]\" id=\"form-field-telefone\" class=\"elementor-field elementor-size-sm  elementor-field-textual\" placeholder=\"Telefone\" required=\"required\" pattern=\"[0-9()#&amp;+*-=.]+\" title=\"Only numbers and phone characters (#, -, *, etc) are accepted.\">\n\n\t\t\t\t\t\t<\/div>\n\t\t\t\t\t\t\t\t<div class=\"elementor-field-type-number elementor-field-group elementor-column elementor-field-group-pessoas elementor-col-50 elementor-field-required\">\n\t\t\t\t\t\t\t\t\t\t\t\t<label for=\"form-field-pessoas\" class=\"elementor-field-label elementor-screen-only\">\n\t\t\t\t\t\t\t\tPessoas\t\t\t\t\t\t\t<\/label>\n\t\t\t\t\t\t\t\t\t<input type=\"number\" name=\"form_fields[pessoas]\" id=\"form-field-pessoas\" class=\"elementor-field elementor-size-sm  elementor-field-textual\" placeholder=\"N\u00ba de Pessoas\" required=\"required\" min=\"\" max=\"\" >\n\t\t\t\t\t\t<\/div>\n\t\t\t\t\t\t\t\t<div class=\"elementor-field-type-date elementor-field-group elementor-column elementor-field-group-data elementor-col-100 elementor-field-required\">\n\t\t\t\t\t\t\t\t\t\t\t\t<label for=\"form-field-data\" class=\"elementor-field-label elementor-screen-only\">\n\t\t\t\t\t\t\t\tData\t\t\t\t\t\t\t<\/label>\n\t\t\t\t\t\t\n\t\t<input type=\"date\" name=\"form_fields[data]\" id=\"form-field-data\" class=\"elementor-field elementor-size-sm  elementor-field-textual elementor-date-field elementor-use-native\" placeholder=\"Data\" required=\"required\" pattern=\"[0-9]{4}-[0-9]{2}-[0-9]{2}\">\n\t\t\t\t\t\t<\/div>\n\t\t\t\t\t\t\t\t<div class=\"elementor-field-group elementor-column elementor-field-type-submit elementor-col-100 e-form__buttons\">\n\t\t\t\t\t<button class=\"elementor-button elementor-size-sm\" type=\"submit\">\n\t\t\t\t\t\t<span class=\"elementor-button-content-wrapper\">\n\t\t\t\t\t\t\t\t\t\t\t\t\t\t\t\t\t\t\t\t\t\t<span class=\"elementor-button-text\">AGENDAR VISITA<\/span>\n\t\t\t\t\t\t\t\t\t\t\t\t\t<\/span>\n\t\t\t\t\t<\/button>\n\t\t\t\t<\/div>\n\t\t\t<\/div>\n\t\t<\/form>\n\t\t\t\t\t\t<\/div>\n\t\t\t\t\t<\/div>\n\t\t<\/div>\n\t\t\t\t<div class=\"elementor-column elementor-col-50 elementor-top-column elementor-element elementor-element-4831bc02\" data-id=\"4831bc02\" data-element_type=\"column\" data-e-type=\"column\" data-settings=\"{&quot;background_background&quot;:&quot;classic&quot;}\">\n\t\t\t<div class=\"elementor-widget-wrap elementor-element-populated\">\n\t\t\t\t\t\t<div class=\"elementor-element elementor-element-1175b651 elementor-widget elementor-widget-image\" data-id=\"1175b651\" data-element_type=\"widget\" data-e-type=\"widget\" data-widget_type=\"image.default\">\n\t\t\t\t\t\t\t\t\t\t\t\t\t\t\t<img decoding=\"async\" width=\"500\" height=\"500\" src=\"https:\/\/grannero.com.br\/wp-content\/uploads\/2025\/08\/JAMONV4.png\" class=\"attachment-large size-large wp-image-292\" alt=\"\" srcset=\"https:\/\/grannero.com.br\/wp-content\/uploads\/2025\/08\/JAMONV4.png 500w, https:\/\/grannero.com.br\/wp-content\/uploads\/2025\/08\/JAMONV4-300x300.png 300w, https:\/\/grannero.com.br\/wp-content\/uploads\/2025\/08\/JAMONV4-150x150.png 150w\" sizes=\"(max-width: 500px) 100vw, 500px\" \/>\t\t\t\t\t\t\t\t\t\t\t\t\t\t\t<\/div>\n\t\t\t\t\t<\/div>\n\t\t<\/div>\n\t\t\t\t\t<\/div>\n\t\t<\/section>\n\t\t\t\t<\/div>\n\t\t","protected":false},"excerpt":{"rendered":"<p>Nossos Processos &#8220;&#8230;essas condi\u00e7\u00f5es \u00fanicas de solo e clima criaram um produto 100% brasileiro e extremamente raro. Mas, acima de tudo, isso nunca foi o foco principal. E permanece da mesma forma. Porque n\u00e3o se trata apenas de produzir um item t\u00edpico brasileiro; trata-se de criar o produto 100% brasileiro da Gran Nero.&#8221; Os su\u00ednos [&hellip;]<\/p>\n","protected":false},"author":1,"featured_media":0,"parent":0,"menu_order":0,"comment_status":"closed","ping_status":"closed","template":"","meta":{"footnotes":""},"class_list":["post-460","page","type-page","status-publish","hentry"],"blocksy_meta":[],"_links":{"self":[{"href":"https:\/\/grannero.com.br\/index.php?rest_route=\/wp\/v2\/pages\/460","targetHints":{"allow":["GET"]}}],"collection":[{"href":"https:\/\/grannero.com.br\/index.php?rest_route=\/wp\/v2\/pages"}],"about":[{"href":"https:\/\/grannero.com.br\/index.php?rest_route=\/wp\/v2\/types\/page"}],"author":[{"embeddable":true,"href":"https:\/\/grannero.com.br\/index.php?rest_route=\/wp\/v2\/users\/1"}],"replies":[{"embeddable":true,"href":"https:\/\/grannero.com.br\/index.php?rest_route=%2Fwp%2Fv2%2Fcomments&post=460"}],"version-history":[{"count":13,"href":"https:\/\/grannero.com.br\/index.php?rest_route=\/wp\/v2\/pages\/460\/revisions"}],"predecessor-version":[{"id":482,"href":"https:\/\/grannero.com.br\/index.php?rest_route=\/wp\/v2\/pages\/460\/revisions\/482"}],"wp:attachment":[{"href":"https:\/\/grannero.com.br\/index.php?rest_route=%2Fwp%2Fv2%2Fmedia&parent=460"}],"curies":[{"name":"wp","href":"https:\/\/api.w.org\/{rel}","templated":true}]}}